Does 13 divide 1986326?
False
Is 12 a factor of 5463458?
False
Is 115124 a multiple of 23?
False
Is 3798644 a multiple of 13?
False
Is 133688 a multiple of 20?
False
Is 89650 a multiple of 27?
False
Is 72254 a multiple of 13?
True
Does 266 divide 3769752?
True
Is 624 a factor of 2337504?
True
Is 18103086 a multiple of 57?
True
Does 1070 divide 2104740?
False
Is 256573 a multiple of 53?
True
Is 2587380 a multiple of 435?
True
Is 29 a factor of 2091399?
False
Is 4316793 a multiple of 16?
False
Does 13 divide 2284?
False
Is 93 a factor of 227106?
True
Is 2132906 a multiple of 229?
True
Is 136800 a multiple of 80?
True
Is 1519 a factor of 14614036?
False
Does 33 divide 4027?
False
Is 364311 a multiple of 131?
True
Is 35 a factor of 5192040?
True
Is 330 a factor of 132969?
False
Is 471 a factor of 872401?
False
Is 4813420 a multiple of 32?
False
Does 552 divide 1132603?
False
Is 15126872 a multiple of 34?
True
Is 86 a factor of 294830?
False
Does 81 divide 429057?
True
Is 47 a factor of 42139?
False
Does 638 divide 22251532?
False
Is 81 a factor of 230386?
False
Does 185 divide 2426862?
False
Is 12 a factor of 6954883?
False
Does 74 divide 2474124?
False
Is 156 a factor of 210600?
True
Is 187668 a multiple of 10?
False
Does 313 divide 522710?
True
Is 7310 a multiple of 17?
True
Does 21 divide 60375?
True
Is 27140338 a multiple of 1167?
False
Does 25 divide 70725?
True
Is 49 a factor of 58947?
True
Is 92896 a multiple of 12?
False
Does 462 divide 103488?
True
Is 156354 a multiple of 506?
True
Is 2 a factor of 15509?
False
Does 1197 divide 89775?
True
Is 2035464 a multiple of 8?
True
Does 74 divide 116500?
False
Is 53793 a multiple of 43?
True
Is 69 a factor of 207571?
False
Is 106638 a multiple of 14?
True
Is 5184480 a multiple of 160?
True
Is 13 a factor of 342589?
True
Is 2570204 a multiple of 322?
True
Does 20 divide 46380?
True
Is 3610618 a multiple of 89?
False
Is 44 a factor of 6740316?
True
Does 11 divide 604351?
True
Is 489115 a multiple of 8?
False
Is 68 a factor of 3199944?
True
Does 525 divide 272475?
True
Does 765 divide 3570255?
True
Is 154867 a multiple of 22?
False
Is 373 a factor of 6755689?
False
Does 10 divide 84103?
False
Does 762 divide 19541490?
True
Does 10 divide 23287?
False
Is 8 a factor of 80912?
True
Is 30 a factor of 165656?
False
Is 2171673 a multiple of 11?
False
Is 2319 a factor of 18786834?
False
Is 117 a factor of 720293?
False
Does 1122 divide 2996324?
False
Is 63 a factor of 2883384?
True
Does 7 divide 2899169?
True
Is 272 a factor of 3846080?
True
Is 5786 even?
True
Is 125 a factor of 4907766?
False
Is 703 a factor of 1775778?
True
Is 498 a factor of 2818995?
False
Is 73 a factor of 16244617?
True
Is 193113 a multiple of 28?
False
Does 481 divide 4468971?
True
Does 10 divide 63654?
False
Is 42 a factor of 2937732?
True
Is 203 a factor of 5709456?
False
Does 210 divide 16800?
True
Does 23 divide 1300811?
True
Does 4 divide 118506?
False
Is 22945918 a multiple of 76?
False
Is 440 a factor of 333219?
False
Is 194746 a multiple of 3?
False
Does 21 divide 131798?
False
Is 55488 a multiple of 6?
True
Is 125024 a multiple of 32?
True
Does 99 divide 44096?
False
Does 207 divide 99774?
True
Is 122 a factor of 5812934?
True
Does 249 divide 2084379?
True
Is 20 a factor of 895420?
True
Is 40 a factor of 2867240?
True
Is 251808 a multiple of 43?
True
Is 37089 a multiple of 39?
True
Is 28 a factor of 480816?
True
Is 13 a factor of 913978?
True
Is 303 a factor of 126589?
False
Is 14257704 a multiple of 466?
False
Is 2248316 a multiple of 49?
True
Is 66338 a multiple of 41?
True
Is 115202 a multiple of 491?
False
Is 3340842 a multiple of 167?
False
Is 33 a factor of 2099337?
False
Is 508300 a multiple of 65?
True
Is 5 a factor of 4768110?
True
Is 599508 a multiple of 9?
True
Is 1334887 a multiple of 493?
False
Is 1459409 a multiple of 133?
True
Is 47960 a multiple of 69?
False
Is 3850 a multiple of 110?
True
Does 81 divide 326153?
False
Does 29 divide 292400?
False
Is 236 a factor of 174168?
True
Is 5650562 a multiple of 17?
True
Is 27 a factor of 90228?
False
Is 33 a factor of 1089626?
False
Does 25 divide 144622?
False
Does 26 divide 722904?
True
Does 7 divide 1406627?
False
Is 25 a factor of 186650?
True
Does 78 divide 33306?
True
Is 1335251 a multiple of 263?
True
Does 26 divide 39338?
True
Does 682 divide 2496334?
False
Is 21507 a multiple of 201?
True
Does 76 divide 2643667?
False
Is 1753584 a multiple of 48?
True
Does 10 divide 11019?
False
Is 689635 a multiple of 6?
False
Is 155548 a multiple of 20?
False
Does 5 divide 4460?
True
Does 194 divide 78958?
True
Does 11 divide 10043?
True
Is 63 a factor of 3747996?
True
Is 1260760 a multiple of 20?
True
Does 143 divide 6702267?
True
Is 398664 a multiple of 36?
True
Does 278 divide 209890?
True
Is 17545 a multiple of 20?
False
Is 13 a factor of 85136?
False
Is 47671 a multiple of 28?
False
Is 182 a factor of 10568852?
False
Is 20 a factor of 1709011?
False
Is 61890 a multiple of 10?
True
Is 119584 a multiple of 32?
True
Is 1805 a multiple of 86?
False
Is 218305 a multiple of 178?
False
Is 2625443 a multiple of 559?
False
Does 3 divide 3382956?
True
Is 76 a factor of 506935?
False
Is 1385 a factor of 2176524?
False
Is 90600 a multiple of 25?
True
Does 58 divide 82476?
True
Is 7 a factor of 5027994?
False
Is 556020 a multiple of 6?
True
Is 209065 a multiple of 23?
False
Is 5302731 a multiple of 35?
False
Is 267420 a multiple of 573?
False
Is 482593 a multiple of 102?
False
Does 317 divide 1547594?
True
Does 5 divide 13800?
True
Is 1757 a factor of 12299?
True
Is 5778888 a multiple of 357?
False
Is 88808 a multiple of 17?
True
Is 16 a factor of 1473382?
False
Is 5662008 a multiple of 12?
True
Is 410875 a multiple of 25?
True
Is 369 a factor of 22470255?
True
Is 38 a factor of 5499474?
True
Is 9 a factor of 1066?
False
Is 406 a factor of 15428?
True
Is 7 a factor of 6763626?
False
Does 3 divide 78159?
True
Is 7172 a multiple of 163?
True
Is 35 a factor of 73031?
False
Does 183 divide 774824?
False
Is 673032 a multiple of 29?
True
Does 28 divide 2890231?
False
Does 606 divide 331661?
False
Is 1295089 a multiple of 43?
False
Is 581056 a multiple of 224?
True
Is 46 a factor of 62572?
False
Does 739 divide 393148?
True
Is 80158 a multiple of 26?
True
Is 123 a factor of 12988431?
True
Is 150 a factor of 1761074?
False
Is 1927836 a multiple of 84?
False
Is 4 a factor of 25188?
True
Does 9 divide 11346562?
False
Does 365 divide 232388?
False
Does 116 divide 11937096?
True
Is 59120 a multiple of 80?
True
Is 239533 a multiple of 12?
False
Is 3239450 a multiple of 67?
True
Does 227 divide 7907772?
True
Is 231281 a multiple of 41?
True
Is 424950 a multiple of 25?
True
Does 188 divide 6779280?
True
Is 9 a factor of 103601?
False
Is 41 a factor of 298597?
False
Is 88 a factor of 79112?
True
Is 234 a factor of 12934002?
False
Does 17 divide 480057?
False
Is 2045005 a multiple of 678?
False
Is 380 a factor of 26116?
False
Is 32 a factor of 59936?
True
Is 813582 a multiple of 18?
True
Is 12840 a multiple of 535?
True
Is 642 a factor of 3859970?
False
Is 354139 a multiple of 144?
False
Does 11 divide 554142?
False
Is 4721424 a multiple of 12?
True
Does 231 divide 191164?
False
Is 60544 a multiple of 88?
True
Does 235 divide 147815?
True
Is 123100 a multiple of 10?
True
Does 420 divide 1247820?
True
Does 309 divide 700194?
True
Is 223 a factor of 28726?
False
Is 245659 a multiple of 470?
False
Is 22 a factor of 5460422?
True
Is 223 a factor of 21489618?
True
Does 3 divide 336470?
False
Does 38 divide 1363706?
True
Is 186 a factor of 5620628?
False
Does 55 divide 799557?
False
Does 11 divide 9207858?
True
Is 328324 a multiple of 79?
True
Is 8 a factor of 5822416?
True
Does 11 divide 147279?
True
Is 38 a factor of 3521556?
False
Is 110197 even?
False
Is 650560 a multiple of 152?
True
Does 33 divide 39864?
True
Is 16 a factor of 519659?
False
Does 272 divide 642736?
True
Is 9 a factor of 213805?
False
Is 220580 a multiple of 410?
True
Is 3387540 a multiple of 13?
True
Is 56574 a multiple of 10?
False
Does 37 divide 47372?
False
Is 4 a factor of 83068?
True
Is 580 a factor of 1226700?
True
Is 738396 a multiple of 162?
True
Does 94 divide 459472?
True
Is 641835 a multiple of 9?
True
Is 716 a factor 